128 = 82. Suppose 0 = 4*f + 5*z - 19, 4*f - z = i - 21. What is the remainder when 32 is divided by f?
10
Let o(x) = -2*x - 4. Let y be (-22)/(-10) + (-3)/15. Calculate the remainder when ((-33)/(6/y))/(-1) is divided by o(-5).
5
Let x = -88 - -202. Suppose j - 4*j = -x. Suppose -5*u + j - 3 = 0. What is the remainder when u is divided by 3?
1
Let n(l) = l - 8. Let a be n(6). Let r(g) = -2*g**3 - 3*g**2 - g - 1. Let q be r(a). Let x = q + 1. What is the remainder when 10 is divided by x?
4
Suppose 1 = -4*p - 11. What is the remainder when 9 is divided by 52/12 + (-2)/p?
4
Let j = 110 - 47. What is the remainder when j is divided by 23?
17
Let h(v) = 2*v**2. Let o be (8 + -4)/((-2)/(-1)). Calculate the remainder when 29 is divided by h(o).
5
Suppose -151 = -5*s + 144. Suppose -227 = -3*l - s. What is the remainder when l is divided by 2/4 - (-111)/6?
18
Suppose -213 = -5*d - 3*c, -4*c + 83 = 5*d - 126. What is the remainder when d is divided by 16?
13
Suppose -5*y = -3*y + 70. Let h = y + 24. Let d = h + 17. What is the remainder when 11 is divided by d?
5
Suppose 10*l = 561 + 229. Calculate the remainder when l is divided by 44.
35
What is the remainder when 67 is divided by (0/(-2))/(-1) - -17?
16
Let m(c) be the first derivative of 5*c**3/3 + c**2 + c - 8. Let b(f) = f**3 - 3*f**2 - 3. Let z be b(3). What is the remainder when m(z) is divided by 14?
12
Let g(j) = j**2 + 1. Calculate the remainder when g(-4) is divided by 7.
3
Let q = -39 + 108. Calculate the remainder when q is divided by (-4 - 0)/((-4)/18).
15
Let r(n) = -2. Let k(o) = -o - 17. Let q(w) = 6*k(w) - 51*r(w). Calculate the remainder when 69 is divided by q(-3).
15
Let t(d) = d**3 + 12*d**2 - 13*d + 7. Let p(s) = s**2 - s + 1. Let h(o) = -3*p(o) + t(o). Calculate the remainder when (0 + 5)/((-2)/(-4)) is divided by h(-10).
2
Suppose 3*k - 3 - 15 = 0. Calculate the remainder when 10 is divided by k.
4
Let t(l) = l**3 - 5*l**2 - 2*l + 13. Calculate the remainder when 6 is divided by t(5).
0
Let g(l) = -l**2 + 6*l. Let x be g(6). Suppose x = 3*z + 15, -d - 69 = -3*d + 5*z. Let b = 63 - d. Calculate the remainder when b is divided by 14.
13
Let s = -41 - -77. Suppose 2 + 37 = 3*p. What is the remainder when s is divided by p?
10
Let o = 14 - 13. Suppose 4*h + 7 - 75 = 0. What is the remainder when h is divided by o/(1 - 8/9)?
8
Let r(g) = -g**2 - g + 54. Let d = 5 + -5. What is the remainder when r(d) is divided by 14?
12
Let f = 187 - 182. Let t be (-4)/(-4) + (-18)/1. Let v = t - -29. What is the remainder when v is divided by f?
2
Suppose 0 = d - 0*d - 11. Calculate the remainder when d is divided by 5.
1
Let d(f) = -2 + 9 - 3*f + 2*f. Let o be d(5). Suppose o*x - 76 = -0*x. What is the remainder when x is divided by 20?
18
Let j(o) = o**3 + 5*o**2 - 2. Suppose -4*m = -8*m + 160. Calculate the remainder when m is divided by j(-4).
12
Let m be -310 + (-3)/(-3) - 1. What is the remainder when m/(-15)*3*1 is divided by 21?
20
Suppose 54 + 711 = 5*a. What is the remainder when a is divided by 39?
36
Suppose 4*m + 136 = 4*s + 3*m, -2*s + 82 = -4*m. Let u = 100 - s. What is the remainder when u is divided by 17?
16
Suppose 0 = -5*g - 0*g + 160. What is the remainder when g is divided by 5?
2
Suppose 5*c - s - 52 = 0, -s = -2*s + 3. What is the remainder when 83 is divided by c?
6
Suppose 2*x = -0*x - c + 40, -5*x = -c - 93. What is the remainder when 73 - ((-20)/12 + 3/(-9)) is divided by x?
18
Let o(q) = -2*q. Suppose 4*g + 2 = -2. Let t = g + 0. Calculate the remainder when 2 is divided by o(t).
0
Suppose 3 = 3*u - 2*m + 2, 0 = -3*u - 5*m + 29. Let o = 7 + u. What is the remainder when 19 is divided by o?
9
Let q(r) = -4*r. Suppose -f = 3*f + 4. What is the remainder when 15 is divided by q(f)?
3
Suppose 15 = d + 2*d. Suppose d*i - 53 - 32 = 0. Calculate the remainder when 32 is divided by i.
15
Let o be 75/(-2)*(-10)/15. Suppose -3*s = -o - 41. Suppose s + 44 = 3*m. What is the remainder when m is divided by 12?
10
Let x(t) = -t**2 + 11*t - 12. Let j be x(8). Suppose 8 = 3*q + q, -q + j = g. Calculate the remainder when 19 is divided by g.
9
Suppose 0 = 4*p - 128 - 8. Suppose -4*z + 42 = 2*r, 0 = 4*r - 9 - 3. What is the remainder when p is divided by z?
7
Let u(m) = 2*m**2 - 11*m + 27. What is the remainder when 228 is divided by u(6)?
30
Let g = 186 - 173. Suppose 32 = 5*o + 3*w, 3*o = 7*o - 2*w - 30. Calculate the remainder when g is divided by o.
6
Calculate the remainder when 26 is divided by 4 - -1 - (12 + -15).
2
Let i be (-9)/(-6)*(-166)/(-3). Let h = -56 + i. Calculate the remainder when h is divided by 6.
3
Let f(s) = -s**2 + 5*s + 6. Let v = 39 - 22. Let d = v + -12. What is the remainder when 11 is divided by f(d)?
5
Suppose 0 = 5*l + 3*o - 45, l - 65 = -4*l + o. Calculate the remainder when 22 is divided by l.
10
Suppose j - 7 = -2. Let u = 18 - j. What is the remainder when 38 is divided by u?
12
Suppose -3 = -v - 1. Suppose 3*k + 5*w - 6 = w, -v*w = 0. What is the remainder when 1 is divided by k/(-3) + (-10)/(-6)?
0
Let b(r) = -r**3 + 7*r**2 - 8*r + 1. What is the remainder when 44 is divided by b(4)?
10
Suppose -3*w - 79 = -4*w. Let l be w - ((-1)/1 + 1). Suppose -l = 5*v - 339. What is the remainder when v is divided by 18?
16
Let z be (-4)/(-10)*(-60)/(-2). Suppose -4*o = -5*y + y, -o + 4*y - z = 0. Suppose 0*f + 24 = o*f. What is the remainder when 16 is divided by f?
4
Let r(g) = -g**2 + 8*g - 3. Suppose -37 = -2*j + 5*s - 10, -3*j - 17 = 4*s. What is the remainder when r(7) is divided by j?
0
Suppose 17 + 13 = j. What is the remainder when j/50 - (-4)/10 is divided by 1?
0
Let y = 372 + -239. What is the remainder when y is divided by 27?
25
What is the remainder when (21/(-2))/(((-8)/16)/1) is divided by 8?
5
Suppose 5*c = -0 + 5. What is the remainder when 10/2*5/c is divided by 7?
4
Suppose 4*x - 4*d + 5 = 29, 0 = d + 3. Suppose 0 = -3*n - 5*k + 77, -k + x*k - 54 = -2*n. Calculate the remainder when n is divided by 15.
14
Suppose q - 3*j = -4*j + 73, -2*j = -3*q + 224. Calculate the remainder when q is divided by 16.
10
Suppose -2*i + 3*u = u - 60, 0 = -2*i + 3*u + 58. Calculate the remainder when 124 is divided by i.
28
Suppose 11*w = 7*w + 160. What is the remainder when w is divided by 7?
5
Suppose 2*c + 4*m = 2*m - 70, 23 = -c + 5*m. Let j be 24/(-56) - 52/(-7). Let v = j - c. Calculate the remainder when v is divided by 21.
19
Let t(r) be the first derivative of r**3/3 + 2*r**2 - 10*r + 2. Calculate the remainder when t(-7) is divided by 6.
5
Let c = 51 - 45. What is the remainder when 17 is divided by c?
5
Let j = -62 - -66. What is the remainder when 17 is divided by j?
1
Let u(i) = -i**3 - 2*i**2 + 8*i. Calculate the remainder when u(-6) is divided by 14.
12
Let h = -7 + -8. Calculate the remainder when 22 is divided by (36/h)/((-6)/20).
6
Suppose 5*z + 2 = 4*z. Let w be (-76)/(-2) + z - 1. What is the remainder when 5/((-10)/4) + w is divided by 17?
16
What is the remainder when 30 is divided by -4*7/(-2) + 2?
14
What is the remainder when 5 is divided by (-6)/9 + 44/12?
2
Let r(k) = 7*k - 1. Let m(t) = 7*t - 1. Let p(i) = -5*m(i) + 6*r(i). Calculate the remainder when p(1) is divided by 4.
2
Suppose -3*o - o + 20 = 3*m, 2*m = 8. Calculate the remainder when 5 is divided by o.
1
Suppose -r + 89 = 5*b - 3*r, 0 = -3*b - 5*r + 41. Suppose 30 = 4*j + j. Let u(g) = -g**2 + 7*g. Calculate the remainder when b is divided by u(j).
5
Suppose 2*g + 3*g - 5*z = 15, 4*g - 16 = 3*z. Calculate the remainder when g is divided by 2.
1
Calculate the remainder when 17 is divided by (0 - 4)*(-3)/2.
5
Suppose -6*n - 21*n = -756. Calculate the remainder when n is divided by 15.
13
Let y(a) = 21*a**2 - 3*a + 2. Calculate the remainder when 37 is divided by y(1).
17
Suppose 2*d + d - 3 = 0. Calculate the remainder when 4 is divided by d.
0
Suppose -3*f = 15, 3*y + 4*f = -0*f + 4. Suppose 4*x - 5*x + 15 = 0. Calculate the remainder when x is divided by y.
7
Suppose f + 19 = -4*k + 138, -2*k = 5*f - 73. Let s = k + -13. Let z(r) = 29*r**2 + 2*r - 1. What is the remainder when z(1) is divided by s?
14
Suppose -2*r - 4*t - 12 = 0, -5*t - 6 = r + 15. Suppose -2*j + r + 24 = 0. Let f(m) = -m**3 - 2*m**2 - 2*m. Calculate the remainder when f(-4) is divided by j.
12
Let y(f